3 + 15. Let i = 125 + -83. Suppose r + 11 - i = -3*t, -2*r = 4*t - 42. What is the remainder when m is divided by t?
8
Let t(s) = s**2 - 5*s + 9. Let n be t(6). Suppose 5 = -2*b + n. Calculate the remainder when 18 is divided by b.
3
Let y be (1 - (-6)/(-2)) + 6. Suppose o - 4*r = 35, y*o + 7*r = 4*r + 45. Calculate the remainder when 44 is divided by o.
14
Let b(k) = -k**2 - 8*k + 2. Let l(p) = p**3 - 8*p**2 + 8*p. Calculate the remainder when b(-4) is divided by l(7).
4
Let f(y) = 10*y**2 + 1. Calculate the remainder when f(-1) is divided by 8.
3
Let o = 660 + -348. What is the remainder when o/10 + (-8)/40 is divided by 16?
15
Let g be (-1 - -4)*8/12. Suppose -5*d = -3*y - 77, 0 = 4*d + g*y + 2*y - 68. Calculate the remainder when d is divided by 9.
7
Let h be -21 - (-2)/4*6. Let a = 42 + h. What is the remainder when 46 is divided by a?
22
Let q(b) = -b**2 - 7*b - 8. Let i be q(-6). Let n = i - -16. What is the remainder when 38 is divided by n?
10
What is the remainder when (0 + (-12)/(-10))/((-6)/(-105)) is divided by 6?
3
Suppose 0 = -3*o - 2*n + 134, -o + 23 = -3*n - 29. What is the remainder when o is divided by 12?
10
Let t be 2/((2 - 0) + -1). Suppose -t*j = -49 + 9. Calculate the remainder when 58 is divided by j.
18
Suppose -2*m = -0 + 6, 0 = -2*y - m + 25. Calculate the remainder when 25 is divided by y.
11
Let u(v) be the second derivative of -v**5/20 + 5*v**4/12 + v**3/3 - 3*v**2/2 + 5*v. What is the remainder when 60 is divided by u(4)?
18
Suppose c = l + 58, l + 3 = 8. Calculate the remainder when c is divided by 16.
15
Let s(t) = t**3 - 8*t**2 + 2*t - 11. Let a(i) = 2*i**3 - 3*i**2 + 3*i - 1. Let o be a(2). Let q = o + 0. What is the remainder when q is divided by s(8)?
4
Suppose 4*q - 5*a + 6 = -2, -3*a + 8 = -4*q. What is the remainder when q + (-2 - 26)/(-2) is divided by 5?
2
Let s be 6/((-5)/(-4) + -2). What is the remainder when 3 - 1 - (0 + -1) is divided by 0 + 0 + (-6 - s)?
1
Let p(o) = -o**2 - 28*o + 5. Calculate the remainder when p(-20) is divided by 56.
53
Suppose 5*w - 5*l + 59 = 234, 3*l = 12. What is the remainder when w is divided by 10?
9
Suppose 3*u - 145 = -w, 3*u - 52 = -2*w + 91. Suppose -3*d - 4 + u = 0. Calculate the remainder when 58 is divided by d.
13
Let l = -7 + 51. What is the remainder when l is divided by 12?
8
Suppose 5*k - 70 = u - 6*u, -2*k = 3*u - 37. Let v(a) = 2*a + 2. Calculate the remainder when v(7) is divided by u.
7
Suppose -2*g = -121 - 29. What is the remainder when g is divided by 19?
18
Suppose 7 = -3*q - 2*b + 224, 3*q - 3*b - 222 = 0. Let y(h) = -h**3 - 9*h**2 - 3*h - 8. Calculate the remainder when q is divided by y(-9).
16
Suppose 137 = w - 16. Calculate the remainder when w is divided by 52.
49
Suppose 0 = 2*z - 4*h - 210, 4*h = 3*z + h - 324. What is the remainder when z is divided by 28?
27
Suppose 2*i - 4 = 20. Suppose 0 = -4*m + t + 132, m - t + 6*t = i. Calculate the remainder when m is divided by -1*(1 + -1) + 17.
15
Let s be (-4)/(-3) + 1/(-3). Let n be (-1 + s)/((-8)/(-4)). Suppose -4 = -n*w - w. Calculate the remainder when 7 is divided by w.
3
Suppose g + 8 = 2*o, 8*o + 5*g = 3*o - 10. Let r = o - -8. What is the remainder when 18 is divided by r?
8
Let g be 1 - (0 + (1 - -29)). Let f = 13 - 20. Let d = f - g. Calculate the remainder when d is divided by 12.
10
Let a(u) = 9*u**2 - 4*u + 3. Calculate the remainder when a(2) is divided by (0 + -1)*8/(-1).
7
What is the remainder when 77 is divided by (3 - (4 + 10/(-6)))*39?
25
Suppose -4*z + 2*n = -130, 3*n = 3*z - z - 71. Calculate the remainder when 121 is divided by z.
28
Let w = 87 + -74. Calculate the remainder when 46 is divided by w.
7
Let m(v) = -3*v - 4. Calculate the remainder when 41 is divided by m(-5).
8
Let r = 28 - 18. What is the remainder when 49 is divided by r?
9
Let o(v) = -6*v - 2. Let a(s) = -15*s + 12. What is the remainder when a(-5) is divided by o(-4)?
21
Suppose 4*o - 4*v - 36 = 0, -5*o + o - 4 = 4*v. Suppose 5*k - 4 = o*k. Let s = 9 + -6. What is the remainder when k is divided by s?
1
Let p = 25 + -13. Let h(j) = -j**2 - 2. Let f be h(-3). Let t = 33 + f. What is the remainder when t is divided by p?
10
Let w = 4 + 10. Suppose 3*r - 807 = 4*b + 1321, 2*b + 2*r = -1064. Calculate the remainder when b/(-20) - (-2)/5 is divided by w.
13
Let d(u) = -1 + 0*u + 11 - u**2 - u. Suppose -2*v + 4*v - 134 = -5*h, -4*h = -3*v - 121. Calculate the remainder when h is divided by d(0).
8
Let q = 92 + -61. Let a = q - 22. Calculate the remainder when 2/(4 + -2)*a is divided by 5.
4
Let z be 6/12 + 1346/4. Suppose 122 - z = -5*y. Calculate the remainder when y is divided by 15.
13
Let x(o) = 0 - 7 - 4 - 4*o + 6. What is the remainder when x(-7) is divided by 13?
10
Let d = -4 + 13. Calculate the remainder when 24 is divided by d.
6
Calculate the remainder when 55*(3 + (-11)/5) is divided by 13.
5
Suppose 0 = 5*x + 5*a - 4*a - 66, 0 = -a - 4. What is the remainder when 49 is divided by x?
7
Calculate the remainder when 42 is divided by 17 - 1 - 0/(-17).
10
Suppose -3*p = -2*r - 1, 4*p - 24 = -3*r - 0*r. What is the remainder when 11 is divided by p?
2
Calculate the remainder when -1 - ((-57)/3 + -4) is divided by 3.
1
Calculate the remainder when 46 is divided by (-12)/(-14)*(6 + 8).
10
Let o(q) = -q - 1. Let s be o(-6). Suppose 0 = s*p - 8 - 17. Let n = 6 + p. What is the remainder when n is divided by 4?
3
Suppose 2*t + 5 + 8 = z, 0 = 5*z - 5*t - 50. Calculate the remainder when 19 is divided by z.
5
Suppose 3*m - 30 = 2*m. Let a = m - 9. Calculate the remainder when 62 is divided by a.
20
Suppose -4*k + 50 = 6*k. What is the remainder when k is divided by 4?
1
Calculate the remainder when (10 + -21)/(1*(-2)/12) is divided by 14.
10
Suppose -4*p + 8*p + 184 = 0. Suppose -2*s + 56 = -116. Let g = p + s. Calculate the remainder when g is divided by 21.
19
Let c = 13 + -10. What is the remainder when 5 is divided by c?
2
Let v be (45/(-36))/((-1)/12). Suppose 61 - v = 3*h - s, 2*s = -8. Calculate the remainder when h is divided by 9.
5
Let p = -18 + 12. Calculate the remainder when 32 is divided by 11/((-3)/p*2).
10
Let a(f) = -f + 15. What is the remainder when 26 is divided by a(5)?
6
Let k(b) = b**2 + 6*b + 12. What is the remainder when 21 is divided by k(-4)?
1
Let a = 12 + -8. Suppose 0 = 2*z + 10, a*l - z - 70 = 23. Suppose 4*j = 6*j - l. What is the remainder when 31 is divided by j?
9
Suppose 10*k - 9*k - 10 = 0. Let t(i) = -14*i - 1. Let q be t(3). Let n = 81 + q. What is the remainder when n is divided by k?
8
Suppose 6*f + 52 = 10*f. What is the remainder when 50 is divided by f?
11
Suppose -k + 49 = j - 34, -3*j + 91 = k. What is the remainder when k is divided by 20?
19
Suppose -2*k - 48 = -5*k. Suppose 3*h + h = k. Calculate the remainder when 6 is divided by h.
2
Let s(r) = -16*r**2 + 0*r - 61*r**3 - 3*r + 15*r**2 - 2 + 0. What is the remainder when s(-1) is divided by 32?
29
Let h(b) be the third derivative of -b**6/120 - 7*b**5/60 + b**4/12 + 7*b**3/6 + 7*b**2. Calculate the remainder when h(-8) is divided by 14.
13
Suppose -5*b - 2*q = -49, -3*b = 2*b - 4*q - 37. Calculate the remainder when 44 is divided by b.
8
Suppose a + 3*w + 6 + 2 = 0, -a - 3 = 2*w. Calculate the remainder when (-13)/(-3)*2/6*9 is divided by a.
6
What is the remainder when 26 is divided by (-15)/2*(-4)/2?
11
What is the remainder when 73 + 0/(-2 - 0) is divided by (-12 - -2)*3/(-2)?
13
What is the remainder when ((-26)/(-2))/(36/16 + -2) is divided by 19?
14
What is the remainder when ((-2)/10*-188)/(10/25) is divided by 32?
30
Suppose 0 = -19*u + 21*u - 34. What is the remainder when 31 is divided by u?
14
Suppose 0 = 4*l + l - 10. Suppose -38 = 4*k - l*c, -k - 4*k + 4*c = 40. Let t = 3 - k. Calculate the remainder when 43 is divided by t.
13
Let p = 7 + -6. Let j(t) = 4*t**2 - t. Let l be j(p). Calculate the remainder when 23 is divided by 3 + 30/l - 1.
11
Let z = 7 - 15. Let g be (18/z)/((-6)/(-32)). Let q = -4 - g. Calculate the remainder when 14 is divided by q.
6
Suppose -5*a + 2*k + 64 = 4*k, 3*k = -2*a + 19. Calculate the remainder when a is divided by 9.
5
Let r(b) = -3*b**3 - b**2 + 2*b - 1. Let w be r(-3). Suppose 3 - 8 = -s, 5*s = -4*l + 57. Calculate the remainder when w/3 - 3/(-9) is divided by l